{"id":5,"date":"2010-01-11T19:03:20","date_gmt":"2010-01-11T19:03:20","guid":{"rendered":"http:\/\/www.tierphotografie.com\/?page_id=5"},"modified":"2019-01-05T13:34:00","modified_gmt":"2019-01-05T12:34:00","slug":"referenzen","status":"publish","type":"page","link":"https:\/\/www.tierphotografie.com\/?page_id=5","title":{"rendered":"Referenzen"},"content":{"rendered":"<p><strong>Z\u00fcchter<\/strong><\/p>\n<p><a href=\"http:\/\/www.enserhof.de\">Arabergest\u00fct Enserhof, Weidenbach<\/a><\/p>\n<p><a href=\"http:\/\/www.mmarabians.de\">MM-Arabians, Monika M\u00fcller<\/a><\/p>\n<p><a href=\"http:\/\/www.muddy-field-aussies.de\">Muddy Field Aussies<\/a><\/p>\n<p><a href=\"http:\/\/www.yaska.ch\" target=\"_blank\" rel=\"noopener\">Yaska, K.C. und Sonny,&nbsp; Bea Frei, Schweiz<\/a><\/p>\n<p><a href=\"http:\/\/www.jumping-luke.de\">Nova Scotia Duck Tolling Retriever Jumping Luke<\/a><\/p>\n<p><a href=\"http:\/\/www.retrieverstars.de\/\">Retrieverstars<\/a><\/p>\n<p><a title=\"VT-Aussies\" href=\"http:\/\/www.eichhof-thierisch-gut.de\/\">VT-Aussies<\/a><\/p>\n<p><a href=\"http:\/\/www.strawberryfield-aussies.de\/\">Strawberryfield-Aussies<\/a><\/p>\n<p><a href=\"http:\/\/www.little-ones-aussies.ch\">Little-ones-Aussies<\/a><\/p>\n<p><a href=\"http:\/\/www.labbis-perle-schwabenland.de\">Labradore &#8211; Perle aus dem Schwabenland<\/a><\/p>\n<p><a href=\"http:\/\/elo-indie.jimdo.com\">Indie vom kleinen Zaubergarten<\/a><\/p>\n<p>&nbsp;<\/p>\n<p><strong>Andere<\/strong><\/p>\n<p><a href=\"http:\/\/cavallfit.de\/\">Cavallfit<\/a><\/p>\n<p>&nbsp;<\/p>\n<p><strong>Printmedien<\/strong><\/p>\n<p><a href=\"https:\/\/www.calvendo.de\/galerie\/?s=m%C3%BCnzel-hashish&amp;lang=1&amp;cat=0&amp;type=0&amp;kdgrp=0&amp;format=0\">Calvendo<\/a><\/p>\n<p>Araber Weltweit &#8211; Ausgabe 4\/2011 &#8211; Artikel \u00fcber Santhos (5 Bilder)<\/p>\n<p><a href=\"http:\/\/www.amazon.de\/gp\/product\/images\/362512811X\/ref=dp_image_text_0?ie=UTF8&amp;n=299956&amp;s=books\" target=\"_blank\" rel=\"noopener\">1001 Hunde, NGV<\/a><\/p>\n<p>Aussie Times &#8211; mehrere Anzeigen von den WEWASC-Ergebnissen (zweiseitig)<\/p>\n<p>Bericht \u00fcber Australian Shepherds in der Zeitschrift &#8222;<strong>Der Hund<\/strong>&#8220;<\/p>\n<p>Landlust &#8211; Bericht \u00fcber Welpen<\/p>\n<p><a href=\"http:\/\/www.teneues.com\/shop-de\/art-image\/broschuerenkalender\/hunde-broschuerenkalender-ai-2012.html\">Kalender &#8211; Hunde 2012 Unsere treuen Begleiter<\/a> &#8211; Januar<\/p>\n<p><a href=\"http:\/\/www.zuerchertierschutz.ch\/fileadmin\/user_upload\/Verein\/pdf\/ZT_Heft_229.pdf\">Z\u00fcricher Tierschutz &#8211; Titelfoto der Vereinszeitung<\/a><\/p>\n<p>Diverse Kalender und Zeitschriften<\/p>\n","protected":false},"excerpt":{"rendered":"<p>Z\u00fcchter Arabergest\u00fct Enserhof, Weidenbach MM-Arabians, Monika M\u00fcller Muddy Field Aussies Yaska, K.C. und Sonny,&nbsp; Bea Frei, Schweiz Nova Scotia Duck Tolling Retriever Jumping Luke Retrieverstars VT-Aussies Strawberryfield-Aussies Little-ones-Aussies Labradore &#8211; Perle aus dem Schwabenland Indie vom kleinen Zaubergarten &nbsp; Andere Cavallfit &nbsp; Printmedien Calvendo Araber Weltweit &#8211; Ausgabe 4\/2011 &#8211; Artikel \u00fcber Santhos (5 Bilder) [&hellip;]<\/p>\n","protected":false},"author":1,"featured_media":0,"parent":0,"menu_order":6,"comment_status":"closed","ping_status":"open","template":"","meta":{"ngg_post_thumbnail":0,"footnotes":""},"_links":{"self":[{"href":"https:\/\/www.tierphotografie.com\/index.php?rest_route=\/wp\/v2\/pages\/5"}],"collection":[{"href":"https:\/\/www.tierphotografie.com\/index.php?rest_route=\/wp\/v2\/pages"}],"about":[{"href":"https:\/\/www.tierphotografie.com\/index.php?rest_route=\/wp\/v2\/types\/page"}],"author":[{"embeddable":true,"href":"https:\/\/www.tierphotografie.com\/index.php?rest_route=\/wp\/v2\/users\/1"}],"replies":[{"embeddable":true,"href":"https:\/\/www.tierphotografie.com\/index.php?rest_route=%2Fwp%2Fv2%2Fcomments&post=5"}],"version-history":[{"count":42,"href":"https:\/\/www.tierphotografie.com\/index.php?rest_route=\/wp\/v2\/pages\/5\/revisions"}],"predecessor-version":[{"id":757,"href":"https:\/\/www.tierphotografie.com\/index.php?rest_route=\/wp\/v2\/pages\/5\/revisions\/757"}],"wp:attachment":[{"href":"https:\/\/www.tierphotografie.com\/index.php?rest_route=%2Fwp%2Fv2%2Fmedia&parent=5"}],"curies":[{"name":"wp","href":"https:\/\/api.w.org\/{rel}","templated":true}]}}