{"id":243,"date":"2010-08-11T09:15:22","date_gmt":"2010-08-11T09:15:22","guid":{"rendered":"http:\/\/www.tierphotografie.com\/?page_id=243"},"modified":"2010-08-11T09:15:22","modified_gmt":"2010-08-11T09:15:22","slug":"fotoworkshops","status":"publish","type":"page","link":"https:\/\/www.tierphotografie.com\/?page_id=243","title":{"rendered":"Fotoworkshops"},"content":{"rendered":"<p style=\"text-align: center;\">\n<p style=\"text-align: center;\">\n<h1 style=\"text-align: center;\"><strong><span style=\"color: #ff0000;\">Neu im Programm<\/span><\/strong><\/h1>\n<p style=\"text-align: center;\"><strong><span style=\"color: #ff0000;\"><br \/>\n<\/span><\/strong><\/p>\n<h2 style=\"text-align: center;\"><strong>Fotoworkshop f\u00fcr Anf\u00e4nger<\/strong><\/h2>\n<p><strong><br \/>\n<\/strong><\/p>\n<p style=\"text-align: center;\">Teilnehmerzahl bis maximal 4 Personen, m\u00f6glich auch als Einzeltraining<\/p>\n<p style=\"text-align: center;\">Beginn 9:00 Uhr bis ca. 17:00 &#8211; 18:00 Uhr je nach Jahreszeit aufgrund der Lichtverh\u00e4ltnisse<\/p>\n<p style=\"text-align: center;\">Seminarort: Horb am Neckar und Umgebung<\/p>\n<p style=\"text-align: center;\">\n<p style=\"text-align: center;\">\n<h3 style=\"text-align: center;\"><strong>Ablauf<\/strong><\/h3>\n<p><strong><br \/>\n<\/strong><\/p>\n<p style=\"text-align: center;\">Vormittags besch\u00e4ftigen wir uns mit der Kameratechnik<\/p>\n<p style=\"text-align: center;\">wie z.B. Blende, ISO, Belichtungszeit sowie Bildaufbau,<\/p>\n<p style=\"text-align: center;\">Auswahl des richtigen Hintergrundes, etc.<\/p>\n<p style=\"text-align: center;\">\n<p style=\"text-align: center;\">Nachmittags wagen wir uns ran an das Objekt<\/p>\n<p style=\"text-align: center;\">mit Portrait- und Bewegungsaufnahmen<\/p>\n<p style=\"text-align: center;\">\n<p style=\"text-align: center;\">Abschlu\u00df: Besprechung der Bilder am PC<\/p>\n<p style=\"text-align: center;\">\n<p style=\"text-align: center;\">Den Abend k\u00f6nnen wir je nach Wetter mit gem\u00fctlichem Grillen ausklingen lassen.<\/p>\n<p style=\"text-align: center;\">\n<p style=\"text-align: center;\">\n<p style=\"text-align: center;\">\n<p style=\"text-align: center;\">\n<p style=\"text-align: center;\">\n<address><\/address>\n<h3 style=\"text-align: center;\"><strong>Bitte bringen Sie folgendes mit:<\/strong><\/h3>\n<p style=\"text-align: center;\">\n<p style=\"text-align: center;\">\n<p style=\"text-align: center;\">&#8211; DSLR oder Bridge-Kamera<\/p>\n<p style=\"text-align: center;\">\n<p style=\"text-align: center;\">&#8211; Objektive<\/p>\n<p style=\"text-align: center;\">&#8211; gen\u00fcgend Speicherkarten<\/p>\n<p style=\"text-align: center;\">&#8211; aufgeladene Akkus<\/p>\n<p style=\"text-align: center;\">&#8211; das Handbuch Ihrer Kamera<\/p>\n<p style=\"text-align: center;\">&#8211; wetterfeste Kleidung und Schuhe<\/p>\n<p style=\"text-align: center;\">&#8211; ggf. Laptop und Cardreader<\/p>\n<p style=\"text-align: center;\">&#8211; sowie gute Laune<\/p>\n<p style=\"text-align: center;\">Der eigene Hund, Katze, Maus darf mitgebracht werden, sofern sie gut erzogen sind.<\/p>\n<p style=\"text-align: center;\">\n<p style=\"text-align: center;\">Der Kursbeitrag wird auf Anfrage mitgeteilt.<\/p>\n<p style=\"text-align: center;\">\n<p style=\"text-align: center;\">Sie sind eine geschlossene Gruppe von maximal 8 Personen? Dann komme ich gerne auch zu Ihnen.<\/p>\n<p style=\"text-align: center;\">\n<p style=\"text-align: center;\">\u00a0<\/p>\n","protected":false},"excerpt":{"rendered":"<p>Neu im Programm Fotoworkshop f\u00fcr Anf\u00e4nger Teilnehmerzahl bis maximal 4 Personen, m\u00f6glich auch als Einzeltraining Beginn 9:00 Uhr bis ca. 17:00 &#8211; 18:00 Uhr je nach Jahreszeit aufgrund der Lichtverh\u00e4ltnisse Seminarort: Horb am Neckar und Umgebung Ablauf Vormittags besch\u00e4ftigen wir uns mit der Kameratechnik wie z.B. Blende, ISO, Belichtungszeit sowie Bildaufbau, Auswahl des richtigen Hintergrundes, [&hellip;]<\/p>\n","protected":false},"author":1,"featured_media":0,"parent":0,"menu_order":3,"comment_status":"closed","ping_status":"open","template":"","meta":{"ngg_post_thumbnail":0,"footnotes":""},"_links":{"self":[{"href":"https:\/\/www.tierphotografie.com\/index.php?rest_route=\/wp\/v2\/pages\/243"}],"collection":[{"href":"https:\/\/www.tierphotografie.com\/index.php?rest_route=\/wp\/v2\/pages"}],"about":[{"href":"https:\/\/www.tierphotografie.com\/index.php?rest_route=\/wp\/v2\/types\/page"}],"author":[{"embeddable":true,"href":"https:\/\/www.tierphotografie.com\/index.php?rest_route=\/wp\/v2\/users\/1"}],"replies":[{"embeddable":true,"href":"https:\/\/www.tierphotografie.com\/index.php?rest_route=%2Fwp%2Fv2%2Fcomments&post=243"}],"version-history":[{"count":47,"href":"https:\/\/www.tierphotografie.com\/index.php?rest_route=\/wp\/v2\/pages\/243\/revisions"}],"predecessor-version":[{"id":299,"href":"https:\/\/www.tierphotografie.com\/index.php?rest_route=\/wp\/v2\/pages\/243\/revisions\/299"}],"wp:attachment":[{"href":"https:\/\/www.tierphotografie.com\/index.php?rest_route=%2Fwp%2Fv2%2Fmedia&parent=243"}],"curies":[{"name":"wp","href":"https:\/\/api.w.org\/{rel}","templated":true}]}}